{"id":963,"date":"2023-11-07T11:17:15","date_gmt":"2023-11-07T11:17:15","guid":{"rendered":"https:\/\/ritashimano.com\/?page_id=963"},"modified":"2023-11-14T09:55:00","modified_gmt":"2023-11-14T09:55:00","slug":"personas-altamente-sensibles-pas","status":"publish","type":"page","link":"https:\/\/ritashimano.com\/index.php\/personas-altamente-sensibles-pas\/","title":{"rendered":"Personas Altamente Sensibles (PAS)"},"content":{"rendered":"\n<h3 class=\"wp-block-heading\">\u00bfQu\u00e9 es la Alta Sensibilidad?<\/h3>\n\n\n\n<p>La alta sensibilidad es la capacidad que tienen algunas personas de <strong>procesar de la informaci\u00f3n sensorial y emocional de modo m\u00e1s intenso y afinado<\/strong>. Es un rasgo\u00a0que se hereda <strong>gen\u00e9ticamente<\/strong>, y se presenta en el <strong>15%-20% de la poblaci\u00f3n<\/strong>, pero no se trata de una enfermedad, ni un problema. Es una particularidad en la manera de percibir y procesar este tipo de informaci\u00f3n.<\/p>\n\n\n\n<p>Tener alta sensibilidad implica tener los sentidos en modo \u00ab<strong>alto rendimiento<\/strong>\u00bb todo el tiempo, lo que significa que su umbral de activaci\u00f3n es m\u00e1s bajo (se activan con menos estimulaci\u00f3n que el resto). Por eso, las PAS son especialmente <strong>conscientes<\/strong> de detalles y cambios, adem\u00e1s de ser profundamente <strong>emp\u00e1ticos y comprensivos<\/strong> con los sentimientos de los dem\u00e1s. Pero, como es l\u00f3gico, en entornos muy ricos en est\u00edmulos,<strong> la experiencia puede ser abrumadora, sensorial o emocionalmente<\/strong>.<\/p>\n\n\n\n<p>Hay un gran n\u00famero de investigaciones en los que se valida que el procesamiento cerebral de las PAS es genuinamente distinto, observando <strong>patrones de activaci\u00f3n particulares<\/strong> con respecto a estructuras como la <strong>am\u00edgdala<\/strong> (vinculada a las emociones y a la respuesta de estr\u00e9s\/miedo), la <strong>corteza prefrontal<\/strong> (funciones ejecutivas, regulaci\u00f3n emocional, etc.) y la<strong> \u00ednsula<\/strong> (conciencia de las sensaciones corporales, empat\u00eda, etc.), entre otros. <\/p>\n\n\n\n<p>Del mismo modo, se ha detectado que la alta sensibilidad se manifiesta desde una edad temprana <strong>en la infancia<\/strong>, siendo frecuentes la<strong> alta reactividad a est\u00edmulos<\/strong> (luces brillantes, ruidos fuertes, etiquetas en la ropa, olores intensos, etc.), la <strong>empat\u00eda <\/strong>pronunciada, la <strong>instrospecci\u00f3n <\/strong>(preguntas y pensamientos reflexivos), la necesidad de <strong>tiempo en solitario<\/strong> (b\u00fasqueda de tranquilidad), una <strong>gran autoexigencia<\/strong>, atenci\u00f3n a los <strong>detalles<\/strong> o muestras de una <strong>elevada emoci\u00f3n <\/strong>(llanto, nerviosismo, etc.).<\/p>\n\n\n\n<p>Es importante destacar que la alta sensibilidad<strong> no es un impedimento para el bienestar <\/strong>de las personas. De hecho, las PAS presentan una<strong> mayor creatividad<\/strong>, <strong>mayor capacidad para comprender y resolver problemas<\/strong>, y una elevada <strong>sensibilidad (y talento) con respecto al arte<\/strong>, entre otras. Son personas que muy frecuentemente han sido invalidadas y su gran empat\u00eda les dificulta en ocasiones poner l\u00edmites. No es raro que se sientan distintas, o que no pertenecen, o <strong>incomprendidas y con dolor<\/strong>, a menudo les disgusta esa faceta de ellos mismos. Por eso es fundamental que tengan un profundo <strong>autoconocimiento, que sepan entender y gestionar sus emociones, que atiendan y respeten sus necesidades<\/strong>. <\/p>\n\n\n\n<div style=\"height:32px\" aria-hidden=\"true\" class=\"wp-block-spacer\"><\/div>\n\n\n\n<p>Referencias<\/p>\n\n\n\n<p>Aron, E. N., &amp; Aron, A. (1997). Sensory-processing sensitivity and its relation to introversion and emotionality. Journal of Personality and Social Psychology, 73(2), 345-368.<\/p>\n\n\n\n<p>Aron, E. N., Aron, A., &amp; Jagiellowicz, J. (2012). Sensory processing sensitivity: A review in the light of the evolution of biological responsivity. Personality and Social Psychology Review, 16(3), 262-282.<\/p>\n\n\n\n<p>Acevedo, B. P., Aron, E. N., Pospos, S., &amp; Jessen, D. (2018). The functional highly sensitive brain: A review of the brain circuits underlying sensory processing sensitivity and seemingly related disorders. Philosophical Transactions of the Royal Society B: Biological Sciences, 373(1744), 20170161.<\/p>\n\n\n\n<p>Pluess, M., Assary, E., Lionetti, F., Lester, K. J., Krapohl, E., &amp; Aron, E. N. (2018). Environmental sensitivity in children: Development of the Highly Sensitive Child Scale and identification of sensitivity groups. Developmental Psychology, 54(1), 51-70.<\/p>\n\n\n\n<p>Liss, M., Mailloux, J., &amp; Erchull, M. J. (2008). The relationships between sensory processing sensitivity, alexithymia, autism, depression, and anxiety. Personality and Individual Differences, 45(3), 255-259.<\/p>\n","protected":false},"excerpt":{"rendered":"<p>\u00bfQu\u00e9 es la Alta Sensibilidad? La alta sensibilidad es la capacidad que tienen algunas personas de procesar de la informaci\u00f3n sensorial y emocional de modo &hellip; <\/p>\n","protected":false},"author":1,"featured_media":965,"parent":0,"menu_order":0,"comment_status":"closed","ping_status":"closed","template":"","meta":{"footnotes":""},"class_list":["post-963","page","type-page","status-publish","has-post-thumbnail","hentry","latest_post"],"_links":{"self":[{"href":"https:\/\/ritashimano.com\/index.php\/wp-json\/wp\/v2\/pages\/963","targetHints":{"allow":["GET"]}}],"collection":[{"href":"https:\/\/ritashimano.com\/index.php\/wp-json\/wp\/v2\/pages"}],"about":[{"href":"https:\/\/ritashimano.com\/index.php\/wp-json\/wp\/v2\/types\/page"}],"author":[{"embeddable":true,"href":"https:\/\/ritashimano.com\/index.php\/wp-json\/wp\/v2\/users\/1"}],"replies":[{"embeddable":true,"href":"https:\/\/ritashimano.com\/index.php\/wp-json\/wp\/v2\/comments?post=963"}],"version-history":[{"count":3,"href":"https:\/\/ritashimano.com\/index.php\/wp-json\/wp\/v2\/pages\/963\/revisions"}],"predecessor-version":[{"id":1003,"href":"https:\/\/ritashimano.com\/index.php\/wp-json\/wp\/v2\/pages\/963\/revisions\/1003"}],"wp:featuredmedia":[{"embeddable":true,"href":"https:\/\/ritashimano.com\/index.php\/wp-json\/wp\/v2\/media\/965"}],"wp:attachment":[{"href":"https:\/\/ritashimano.com\/index.php\/wp-json\/wp\/v2\/media?parent=963"}],"curies":[{"name":"wp","href":"https:\/\/api.w.org\/{rel}","templated":true}]}}