{"id":49,"date":"2021-12-06T18:52:22","date_gmt":"2021-12-06T18:52:22","guid":{"rendered":"https:\/\/ritashimano.com\/?page_id=49"},"modified":"2025-02-06T13:26:48","modified_gmt":"2025-02-06T13:26:48","slug":"rita-shimano","status":"publish","type":"page","link":"https:\/\/ritashimano.com\/index.php\/rita-shimano\/","title":{"rendered":"Rita Shimano"},"content":{"rendered":"\n<p>Mi objetivo es acompa\u00f1ar a las personas para que no solo  identifiquen los obst\u00e1culos que les bloquean, sino para que tambi\u00e9n se descubran a s\u00ed mismos, su val\u00eda y sus capacidades; desde la escucha, la cercan\u00eda, la compresi\u00f3n y un profundo respeto. <\/p>\n\n\n\n<p>Trabajo con un enfoque integrador, considerando a cada persona como \u00fanica, en su mundo de relaciones y en el contexto en el que se encuentra inmersa. Por eso las intervenciones se deben adaptar a las necesidades particulares que tenga cada uno.<\/p>\n\n\n\n<p>Si quieres conocerme mejor, lee sobre <a href=\"https:\/\/ritashimano.com\/index.php\/mision-objetivo-y-valores\/\">mi misi\u00f3n, objetivo y valores<\/a> y sobre <a href=\"https:\/\/ritashimano.com\/index.php\/metodologia\/\">mi metodolog\u00eda<\/a>.<\/p>\n\n\n\n<div style=\"height:36px\" aria-hidden=\"true\" class=\"wp-block-spacer\"><\/div>\n\n\n<div class=\"wp-block-image\">\n<figure class=\"alignleft size-thumbnail\"><img decoding=\"async\" width=\"150\" height=\"150\" src=\"https:\/\/ritashimano.com\/wp-content\/uploads\/2022\/12\/WhatsApp-Image-2022-10-28-at-13.59.28-150x150.jpeg\" alt=\"\" class=\"wp-image-930\"\/><figcaption class=\"wp-element-caption\">Psic\u00f3loga especialista en el tratamiento de adultos y adolescentes. Trabajo desde un enfoque integrador adaptando conocimientos de varios enfoques como el humanista,  cognitivo-conductual, EMDR, psicoan\u00e1lisis, terapia breve\u2026 con t\u00e9cnicas validadas.<\/figcaption><\/figure>\n<\/div>\n\n\n<p class=\"has-text-align-left\"><strong>M\u00e1ster oficial en Neurociencia \u2013 Iniciaci\u00f3n a la Investigaci\u00f3n en Salud Mental<\/strong>. Universidad Complutense de Madrid (UCM); Universidad Aut\u00f3noma de Barcelona (UAB); Universidad de Barcelona (UB); Universidad de Cantabria (UC); y Universidad de C\u00e1diz (UCA).<\/p>\n\n\n\n<p><strong>M\u00e1ster en Psicopatolog\u00eda y Salud<\/strong>. Psicolog\u00eda Cl\u00ednica \u2013 Fundaci\u00f3n UNED.<\/p>\n\n\n\n<p><strong>Tratamiento de Trauma Complejo y Disociaci\u00f3n<\/strong> impartido por Roger Solomon PhD y Onno Van Der Hart &#8211; (Asociaci\u00f3n EMDR Espa\u00f1a).<\/p>\n\n\n\n<p><strong>Abordaje del Trastorno Limite de la Personalidad con EMDR <\/strong>impartido por Raquel Mosquera- (Instituto Espa\u00f1ol de EMDR).<\/p>\n\n\n\n<p><strong>\u00bfEs la Adicci\u00f3n una Elecci\u00f3n?<\/strong> Impartido por Miguel F\u00faster &#8211; (Asociaci\u00f3n EMDR Espa\u00f1a)<\/p>\n\n\n\n<p><strong>El Apego en Psicoterapia <\/strong>impartido por Alessandro Talia &#8211; (Asociaci\u00f3n EMDR Espa\u00f1a).<\/p>\n\n\n\n<p><strong>El Mundo Interno de los Trastornos Alimentarios<\/strong> impartido por Natalia Seij\u00f3 (Asociaci\u00f3n EMDR Espa\u00f1a).<\/p>\n\n\n\n<p><strong>Nivel 1 y 2 en EMDR<\/strong> (Instituto Espa\u00f1ol de EMDR).<\/p>\n\n\n\n<p><strong>Computational Neuroscience<\/strong> &#8211; online course (University of Washington), <strong>Medical Neuroscience<\/strong> &#8211; online course (Duke University).<\/p>\n\n\n\n<p><strong>T\u00e9cnicas de Apoyo Psicol\u00f3gico y Social en Situaciones de Crisis <\/strong>(Carpe Diem).<\/p>\n\n\n\n<p><strong>Licenciatura en Psicolog\u00eda<\/strong>. Universidad de Educaci\u00f3n a Distancia (UNED).<\/p>\n\n\n\n<p><strong>Bachelor\u2019s degree MAJOR Biology \u2013 MINOR Psychology<\/strong>. Rutgers, the State University of New Jersey.<\/p>\n\n\n\n<p><strong>Directora y Presidenta de Psyche Atenci\u00f3n Psicosocial para el Desarrollo Personal<\/strong>, asociaci\u00f3n sin \u00e1nimo de lucro.<\/p>\n\n\n\n<p>Colaboradora en el Hospital Universitario Ram\u00f3n y Cajal de Madrid en <strong>atenci\u00f3n psicosocial<\/strong>.<\/p>\n\n\n\n<p>Estancia en el Hospital Universitario Ni\u00f1o Jes\u00fas de Madrid, <strong>Unidad de Trastornos de la Conducta Alimentaria<\/strong>.<\/p>\n\n\n\n<p><strong>Curso\/Taller en Inteligencia Emocional<\/strong> en Fundaci\u00f3n Mujeres y  <strong>Escuela<\/strong> <strong>de<\/strong> <strong>Padres<\/strong> y <strong>Gesti\u00f3n Familiar<\/strong> con Lillipeq.<\/p>\n","protected":false},"excerpt":{"rendered":"<p>Mi objetivo es acompa\u00f1ar a las personas para que no solo identifiquen los obst\u00e1culos que les bloquean, sino para que tambi\u00e9n se descubran a s\u00ed &hellip; <\/p>\n","protected":false},"author":1,"featured_media":0,"parent":0,"menu_order":0,"comment_status":"closed","ping_status":"closed","template":"","meta":{"footnotes":""},"class_list":["post-49","page","type-page","status-publish","hentry","latest_post"],"_links":{"self":[{"href":"https:\/\/ritashimano.com\/index.php\/wp-json\/wp\/v2\/pages\/49","targetHints":{"allow":["GET"]}}],"collection":[{"href":"https:\/\/ritashimano.com\/index.php\/wp-json\/wp\/v2\/pages"}],"about":[{"href":"https:\/\/ritashimano.com\/index.php\/wp-json\/wp\/v2\/types\/page"}],"author":[{"embeddable":true,"href":"https:\/\/ritashimano.com\/index.php\/wp-json\/wp\/v2\/users\/1"}],"replies":[{"embeddable":true,"href":"https:\/\/ritashimano.com\/index.php\/wp-json\/wp\/v2\/comments?post=49"}],"version-history":[{"count":89,"href":"https:\/\/ritashimano.com\/index.php\/wp-json\/wp\/v2\/pages\/49\/revisions"}],"predecessor-version":[{"id":1028,"href":"https:\/\/ritashimano.com\/index.php\/wp-json\/wp\/v2\/pages\/49\/revisions\/1028"}],"wp:attachment":[{"href":"https:\/\/ritashimano.com\/index.php\/wp-json\/wp\/v2\/media?parent=49"}],"curies":[{"name":"wp","href":"https:\/\/api.w.org\/{rel}","templated":true}]}}