{"id":299,"date":"2021-12-11T00:31:41","date_gmt":"2021-12-11T00:31:41","guid":{"rendered":"https:\/\/ritashimano.com\/?page_id=299"},"modified":"2025-03-13T14:53:49","modified_gmt":"2025-03-13T14:53:49","slug":"areas-de-intervencion","status":"publish","type":"page","link":"https:\/\/ritashimano.com\/index.php\/areas-de-intervencion\/","title":{"rendered":"\u00c1reas de Intervenci\u00f3n"},"content":{"rendered":"\n<p>A veces las dificultades son pasajeras y responden a un momento o situaci\u00f3n vital en la que nos encontramos y otras, son un poco m\u00e1s estables en el tiempo y tal vez nos han acompa\u00f1ado una temporada. Aun as\u00ed, estas afecciones tienen tratamiento y pron\u00f3stico de mejora.<\/p>\n\n\n\n<p>Aqu\u00ed puedes encontrar las \u00e1reas en las que trabajo frecuentemente. En caso de que en la primera consulta valorase que hay una problem\u00e1tica en la que no me especializo, te prestar\u00e9 mi asesoramiento y har\u00e9 lo posible por recomendar distintos recursos para que puedas acudir a un especialista que te atienda de la manera adecuada.<\/p>\n\n\n\n<p><a href=\"https:\/\/ritashimano.com\/index.php\/areas-de-intervencion\/ansiedad\/\" data-type=\"page\" data-id=\"109\">Ansiedad<\/a><\/p>\n\n\n\n<p><a href=\"https:\/\/ritashimano.com\/index.php\/areas-de-intervencion\/depresion-2\/\" data-type=\"page\" data-id=\"104\">Depresi\u00f3n<\/a><\/p>\n\n\n\n<p><a href=\"https:\/\/ritashimano.com\/index.php\/trauma-complejo\/\" data-type=\"page\" data-id=\"982\">Trauma Complejo<\/a><\/p>\n\n\n\n<p><a href=\"https:\/\/ritashimano.com\/index.php\/areas-de-intervencion\/duelo-2\/\">Duelo<\/a><\/p>\n\n\n\n<p><a href=\"https:\/\/ritashimano.com\/index.php\/areas-de-intervencion\/terapia-de-pareja\/\">Terapia de Pareja<\/a><\/p>\n\n\n\n<p><a href=\"https:\/\/ritashimano.com\/index.php\/personas-altamente-sensibles-pas\/\" data-type=\"page\" data-id=\"963\">Personas Altamente Sensibles (PAS)<\/a><\/p>\n\n\n\n<p><a href=\"https:\/\/ritashimano.com\/index.php\/areas-de-intervencion\/trastornos-de-la-conducta-alimentaria\/\">Trastornos de la Conducta Alimentaria<\/a><\/p>\n\n\n\n<p><a href=\"https:\/\/ritashimano.com\/index.php\/areas-de-intervencion\/el-cuidado-del-cuidador\/\">Atenci\u00f3n al Cuidador<\/a><\/p>\n\n\n\n<p><a href=\"https:\/\/ritashimano.com\/index.php\/areas-de-intervencion\/autoestima\/\" data-type=\"page\" data-id=\"111\">Autoestima<\/a><\/p>\n\n\n\n<p><a href=\"https:\/\/ritashimano.com\/index.php\/areas-de-intervencion\/estres-2\/\" data-type=\"page\" data-id=\"107\">Estr\u00e9s<\/a><\/p>\n\n\n\n<p><a href=\"https:\/\/ritashimano.com\/index.php\/areas-de-intervencion\/otros\/\" data-type=\"page\" data-id=\"136\">Otros<\/a><\/p>\n\n\n\n<p><\/p>\n\n\n\n<p><\/p>\n","protected":false},"excerpt":{"rendered":"<p>A veces las dificultades son pasajeras y responden a un momento o situaci\u00f3n vital en la que nos encontramos y otras, son un poco m\u00e1s &hellip; <\/p>\n","protected":false},"author":1,"featured_media":0,"parent":0,"menu_order":0,"comment_status":"closed","ping_status":"closed","template":"","meta":{"footnotes":""},"class_list":["post-299","page","type-page","status-publish","hentry","latest_post"],"_links":{"self":[{"href":"https:\/\/ritashimano.com\/index.php\/wp-json\/wp\/v2\/pages\/299","targetHints":{"allow":["GET"]}}],"collection":[{"href":"https:\/\/ritashimano.com\/index.php\/wp-json\/wp\/v2\/pages"}],"about":[{"href":"https:\/\/ritashimano.com\/index.php\/wp-json\/wp\/v2\/types\/page"}],"author":[{"embeddable":true,"href":"https:\/\/ritashimano.com\/index.php\/wp-json\/wp\/v2\/users\/1"}],"replies":[{"embeddable":true,"href":"https:\/\/ritashimano.com\/index.php\/wp-json\/wp\/v2\/comments?post=299"}],"version-history":[{"count":7,"href":"https:\/\/ritashimano.com\/index.php\/wp-json\/wp\/v2\/pages\/299\/revisions"}],"predecessor-version":[{"id":1035,"href":"https:\/\/ritashimano.com\/index.php\/wp-json\/wp\/v2\/pages\/299\/revisions\/1035"}],"wp:attachment":[{"href":"https:\/\/ritashimano.com\/index.php\/wp-json\/wp\/v2\/media?parent=299"}],"curies":[{"name":"wp","href":"https:\/\/api.w.org\/{rel}","templated":true}]}}